{"id":65,"date":"2022-05-22T18:57:12","date_gmt":"2022-05-22T11:57:12","guid":{"rendered":"http:\/\/taphoa.themevivu.site\/?page_id=65"},"modified":"2022-05-23T01:01:59","modified_gmt":"2022-05-22T18:01:59","slug":"he-thong-cua-hang","status":"publish","type":"page","link":"https:\/\/theme.tamnguyen.vn\/taphoa\/he-thong-cua-hang\/","title":{"rendered":"H\u1ec7 th\u1ed1ng c\u1eeda h\u00e0ng"},"content":{"rendered":"\t<section class=\"section lien-he-1\" id=\"section_1329181699\">\n\t\t<div class=\"bg section-bg fill bg-fill  bg-loaded\" >\n\n\t\t\t\n\t\t\t\n\t\t\t\n\n\t\t<\/div>\n\n\t\t\n\n\t\t<div class=\"section-content relative\">\n\t\t\t\n<div class=\"row\"  id=\"row-1853472783\">\n\n\t<div id=\"col-236301503\" class=\"col small-12 large-12\"  >\n\t\t\t\t<div class=\"col-inner\"  >\n\t\t\t\n\t\t\t\n<p><span style=\"color: #282828;\"><span><span><a href=\"https:\/\/theme.tamnguyen.vn\/taphoa\/\">Trang ch\u1ee7<\/a><\/span><\/span><\/p>\n<h2><span style=\"font-size: 100%; color: #282828;\">H\u1ec6 TH\u1ed0NG<\/span><\/h2>\n<p><span style=\"color: #282828;\">B\u00e1c T\u00f4m hi\u1ec7n \u0111ang c\u00f3 18\u00a0 c\u1eeda h\u00e0ng t\u1ea1i H\u00e0 N\u1ed9i.<\/span><br \/><span style=\"color: #282828;\">Ch\u1ecdn c\u1eeda h\u00e0ng g\u1ea7n nh\u1ea5t \u0111\u1ec3 ti\u1ec7n mua s\u1eafm v\u00e0 c\u00f3 tr\u1ea3i nghi\u1ec7m d\u1ecbch v\u1ee5 t\u1ed1t h\u01a1n!<\/span><\/p>\n\t\t<\/div>\n\t\t\t\t\t<\/div>\n\n\t\n<\/div>\n\t\t<\/div>\n\n\t\t\n<style>\n#section_1329181699 {\n  padding-top: 30px;\n  padding-bottom: 30px;\n  background-color: rgb(255, 255, 255);\n}\n#section_1329181699 .ux-shape-divider--top svg {\n  height: 150px;\n  --divider-top-width: 100%;\n}\n#section_1329181699 .ux-shape-divider--bottom svg {\n  height: 150px;\n  --divider-width: 100%;\n}\n<\/style>\n\t<\/section>\n\t\n<div class=\"row he-thong-2\"  id=\"row-1213611617\">\n\n\t<div id=\"col-863364576\" class=\"col medium-6 small-12 large-6\"  >\n\t\t\t\t<div class=\"col-inner\"  >\n\t\t\t\n\t\t\t\n\n\t\t<div class=\"icon-box featured-box icon-box-left text-left\"  >\n\t\t\t\t\t<div class=\"icon-box-img\" style=\"width: 40px\">\n\t\t\t\t<div class=\"icon\">\n\t\t\t\t\t<div class=\"icon-inner\" >\n\t\t\t\t\t\t<img loading=\"lazy\" decoding=\"async\" width=\"32\" height=\"32\" src=\"https:\/\/theme.tamnguyen.vn\/taphoa\/wp-content\/uploads\/2022\/05\/map-pin.png\" class=\"attachment-medium size-medium\" alt=\"\" \/>\t\t\t\t\t<\/div>\n\t\t\t\t<\/div>\n\t\t\t<\/div>\n\t\t\t\t<div class=\"icon-box-text last-reset\">\n\t\t\t\t\t\t\t\t\t\n<h3>1. C\u1eeda h\u00e0ng B\u00e1c T\u00f4m s\u1ed1 6 Nguy\u1ec5n C\u00f4ng Tr\u1ee9<\/h3>\n<p><span style=\"font-size: 90%; color: #808080;\"> S\u1ed1 6 Nguy\u1ec5n C\u00f4ng Tr\u1ee9, Ph\u1ea1m \u0110\u00ecnh H\u1ed5, Hai B\u00e0 Tr\u01b0ng, H\u00e0 N\u1ed9i<\/span><\/p>\n\t\t<\/div>\n\t<\/div>\n\t\n\t\n\n\t\t<div class=\"icon-box featured-box icon-box-left text-left\"  >\n\t\t\t\t\t<div class=\"icon-box-img\" style=\"width: 40px\">\n\t\t\t\t<div class=\"icon\">\n\t\t\t\t\t<div class=\"icon-inner\" >\n\t\t\t\t\t\t<img loading=\"lazy\" decoding=\"async\" width=\"32\" height=\"32\" src=\"https:\/\/theme.tamnguyen.vn\/taphoa\/wp-content\/uploads\/2022\/05\/map-pin.png\" class=\"attachment-medium size-medium\" alt=\"\" \/>\t\t\t\t\t<\/div>\n\t\t\t\t<\/div>\n\t\t\t<\/div>\n\t\t\t\t<div class=\"icon-box-text last-reset\">\n\t\t\t\t\t\t\t\t\t\n<h3>2. C\u1eeda h\u00e0ng B\u00e1c T\u00f4m s\u1ed1 50 L\u00ea \u0110\u1ea1i H\u00e0nh<\/h3>\n<p><span style=\"color: #808080; font-size: 90%;\">S\u1ed1 50 L\u00ea \u0110\u1ea1i H\u00e0nh, L\u00ea \u0110\u1ea1i H\u00e0nh, Hai B\u00e0 Tr\u01b0ng, H\u00e0 N\u1ed9i<\/span><\/p>\n\t\t<\/div>\n\t<\/div>\n\t\n\t\n\n\t\t<div class=\"icon-box featured-box icon-box-left text-left\"  >\n\t\t\t\t\t<div class=\"icon-box-img\" style=\"width: 40px\">\n\t\t\t\t<div class=\"icon\">\n\t\t\t\t\t<div class=\"icon-inner\" >\n\t\t\t\t\t\t<img loading=\"lazy\" decoding=\"async\" width=\"32\" height=\"32\" src=\"https:\/\/theme.tamnguyen.vn\/taphoa\/wp-content\/uploads\/2022\/05\/map-pin.png\" class=\"attachment-medium size-medium\" alt=\"\" \/>\t\t\t\t\t<\/div>\n\t\t\t\t<\/div>\n\t\t\t<\/div>\n\t\t\t\t<div class=\"icon-box-text last-reset\">\n\t\t\t\t\t\t\t\t\t\n<h3>3. B\u00e1c T\u00f4m 12 T\u00f4n Th\u1ea5t Thi\u1ec7p<\/h3>\n<p><span style=\"color: #808080; font-size: 90%;\">S\u1ed1 12 T\u00f4n Th\u1ea5t Thi\u1ec7p, Ba \u0110\u00ecnh, H\u00e0 N\u1ed9i.<\/span><\/p>\n\t\t<\/div>\n\t<\/div>\n\t\n\t\n\n\t\t<div class=\"icon-box featured-box icon-box-left text-left\"  >\n\t\t\t\t\t<div class=\"icon-box-img\" style=\"width: 40px\">\n\t\t\t\t<div class=\"icon\">\n\t\t\t\t\t<div class=\"icon-inner\" >\n\t\t\t\t\t\t<img loading=\"lazy\" decoding=\"async\" width=\"32\" height=\"32\" src=\"https:\/\/theme.tamnguyen.vn\/taphoa\/wp-content\/uploads\/2022\/05\/map-pin.png\" class=\"attachment-medium size-medium\" alt=\"\" \/>\t\t\t\t\t<\/div>\n\t\t\t\t<\/div>\n\t\t\t<\/div>\n\t\t\t\t<div class=\"icon-box-text last-reset\">\n\t\t\t\t\t\t\t\t\t\n<h3>4. B\u00e1c T\u00f4m A15 li\u1ec1n k\u1ec1 6A M\u1ed7 Lao<\/h3>\n<p><span style=\"color: #808080; font-size: 90%;\">S\u00f3 A15 li\u1ec1n k\u1ec1 6A M\u1ed7 Lao, qu\u1eadn H\u00e0 \u0110\u00f4ng, H\u00e0 N\u1ed9i.<\/span><\/p>\n\t\t<\/div>\n\t<\/div>\n\t\n\t\n\n\t\t<div class=\"icon-box featured-box icon-box-left text-left\"  >\n\t\t\t\t\t<div class=\"icon-box-img\" style=\"width: 40px\">\n\t\t\t\t<div class=\"icon\">\n\t\t\t\t\t<div class=\"icon-inner\" >\n\t\t\t\t\t\t<img loading=\"lazy\" decoding=\"async\" width=\"32\" height=\"32\" src=\"https:\/\/theme.tamnguyen.vn\/taphoa\/wp-content\/uploads\/2022\/05\/map-pin.png\" class=\"attachment-medium size-medium\" alt=\"\" \/>\t\t\t\t\t<\/div>\n\t\t\t\t<\/div>\n\t\t\t<\/div>\n\t\t\t\t<div class=\"icon-box-text last-reset\">\n\t\t\t\t\t\t\t\t\t\n<h3>5. B\u00e1c T\u00f4m HH4A Linh \u0110\u00e0m <\/h3>\n<p><span style=\"font-size: 90%; color: #808080;\">HH4A Linh \u0110\u00e0m, qu\u1eadn Ho\u00e0ng Mai, H\u00e0 N\u1ed9i.<\/span><\/p>\n\t\t<\/div>\n\t<\/div>\n\t\n\t\n\n\t\t<div class=\"icon-box featured-box icon-box-left text-left\"  >\n\t\t\t\t\t<div class=\"icon-box-img\" style=\"width: 40px\">\n\t\t\t\t<div class=\"icon\">\n\t\t\t\t\t<div class=\"icon-inner\" >\n\t\t\t\t\t\t<img loading=\"lazy\" decoding=\"async\" width=\"32\" height=\"32\" src=\"https:\/\/theme.tamnguyen.vn\/taphoa\/wp-content\/uploads\/2022\/05\/map-pin.png\" class=\"attachment-medium size-medium\" alt=\"\" \/>\t\t\t\t\t<\/div>\n\t\t\t\t<\/div>\n\t\t\t<\/div>\n\t\t\t\t<div class=\"icon-box-text last-reset\">\n\t\t\t\t\t\t\t\t\t\n<h3>6. B\u00e1c T\u00f4m 19B7 Ph\u1ea1m Ng\u1ecdc Th\u1ea1ch<\/h3>\n<p><span style=\"font-size: 90%; color: #808080;\">19B7 Ph\u1ea1m Ng\u1ecdc Th\u1ea1ch, qu\u1eadn \u0110\u1ed1ng \u0110a, H\u00e0 N\u1ed9i <\/span><\/p>\n\t\t<\/div>\n\t<\/div>\n\t\n\t\n\t\t<\/div>\n\t\t\t\t\t<\/div>\n\n\t\n\n\t<div id=\"col-564616733\" class=\"col medium-6 small-12 large-6\"  >\n\t\t\t\t<div class=\"col-inner\"  >\n\t\t\t\n\t\t\t\n\n\t\t<div class=\"icon-box featured-box icon-box-left text-left\"  >\n\t\t\t\t\t<div class=\"icon-box-img\" style=\"width: 40px\">\n\t\t\t\t<div class=\"icon\">\n\t\t\t\t\t<div class=\"icon-inner\" >\n\t\t\t\t\t\t<img loading=\"lazy\" decoding=\"async\" width=\"32\" height=\"32\" src=\"https:\/\/theme.tamnguyen.vn\/taphoa\/wp-content\/uploads\/2022\/05\/map-pin.png\" class=\"attachment-medium size-medium\" alt=\"\" \/>\t\t\t\t\t<\/div>\n\t\t\t\t<\/div>\n\t\t\t<\/div>\n\t\t\t\t<div class=\"icon-box-text last-reset\">\n\t\t\t\t\t\t\t\t\t\n<h3>7. B\u00e1c T\u00f4m 132 V\u0169 Tr\u1ecdng Ph\u1ee5ng<\/h3>\n<p><span style=\"font-size: 90%; color: #808080;\">132 V\u0169 Tr\u1ecdng Ph\u1ee5ng, qu\u1eadn Thanh Xu\u00e2n, H\u00e0 N\u1ed9i. <\/span><\/p>\n\t\t<\/div>\n\t<\/div>\n\t\n\t\n\n\t\t<div class=\"icon-box featured-box icon-box-left text-left\"  >\n\t\t\t\t\t<div class=\"icon-box-img\" style=\"width: 40px\">\n\t\t\t\t<div class=\"icon\">\n\t\t\t\t\t<div class=\"icon-inner\" >\n\t\t\t\t\t\t<img loading=\"lazy\" decoding=\"async\" width=\"32\" height=\"32\" src=\"https:\/\/theme.tamnguyen.vn\/taphoa\/wp-content\/uploads\/2022\/05\/map-pin.png\" class=\"attachment-medium size-medium\" alt=\"\" \/>\t\t\t\t\t<\/div>\n\t\t\t\t<\/div>\n\t\t\t<\/div>\n\t\t\t\t<div class=\"icon-box-text last-reset\">\n\t\t\t\t\t\t\t\t\t\n<h3>8. B\u00e1c T\u00f4m 5 Nguy\u1ec5n S\u01a1n<\/h3>\n<p><span style=\"font-size: 90%; color: #808080;\">5 Nguy\u1ec5n S\u01a1n, qu\u1eadn Long Bi\u00ean, H\u00e0 N\u1ed9i <\/span><\/p>\n\t\t<\/div>\n\t<\/div>\n\t\n\t\n\n\t\t<div class=\"icon-box featured-box icon-box-left text-left\"  >\n\t\t\t\t\t<div class=\"icon-box-img\" style=\"width: 40px\">\n\t\t\t\t<div class=\"icon\">\n\t\t\t\t\t<div class=\"icon-inner\" >\n\t\t\t\t\t\t<img loading=\"lazy\" decoding=\"async\" width=\"32\" height=\"32\" src=\"https:\/\/theme.tamnguyen.vn\/taphoa\/wp-content\/uploads\/2022\/05\/map-pin.png\" class=\"attachment-medium size-medium\" alt=\"\" \/>\t\t\t\t\t<\/div>\n\t\t\t\t<\/div>\n\t\t\t<\/div>\n\t\t\t\t<div class=\"icon-box-text last-reset\">\n\t\t\t\t\t\t\t\t\t\n<h3>9. B\u00e1c T\u00f4m 298 T\u00e2y S\u01a1n <\/h3>\n<p><span style=\"font-size: 90%; color: #808080;\">298 T\u00e2y S\u01a1n, qu\u1eadn \u0110\u1ed1ng \u0110a, H\u00e0 N\u1ed9i<\/span><\/p>\n\t\t<\/div>\n\t<\/div>\n\t\n\t\n\n\t\t<div class=\"icon-box featured-box icon-box-left text-left\"  >\n\t\t\t\t\t<div class=\"icon-box-img\" style=\"width: 40px\">\n\t\t\t\t<div class=\"icon\">\n\t\t\t\t\t<div class=\"icon-inner\" >\n\t\t\t\t\t\t<img loading=\"lazy\" decoding=\"async\" width=\"32\" height=\"32\" src=\"https:\/\/theme.tamnguyen.vn\/taphoa\/wp-content\/uploads\/2022\/05\/map-pin.png\" class=\"attachment-medium size-medium\" alt=\"\" \/>\t\t\t\t\t<\/div>\n\t\t\t\t<\/div>\n\t\t\t<\/div>\n\t\t\t\t<div class=\"icon-box-text last-reset\">\n\t\t\t\t\t\t\t\t\t\n<h3>10. B\u00e1c T\u00f4m 16 Qu\u00e1n Th\u00e1nh  <\/h3>\n<p><span style=\"font-size: 90%; color: #808080;\">16 Qu\u00e1n Th\u00e1nh, qu\u1eadn Ba \u0110\u00ecnh, H\u00e0 N\u1ed9i<\/span><\/p>\n\t\t<\/div>\n\t<\/div>\n\t\n\t\n\n\t\t<div class=\"icon-box featured-box icon-box-left text-left\"  >\n\t\t\t\t\t<div class=\"icon-box-img\" style=\"width: 40px\">\n\t\t\t\t<div class=\"icon\">\n\t\t\t\t\t<div class=\"icon-inner\" >\n\t\t\t\t\t\t<img loading=\"lazy\" decoding=\"async\" width=\"32\" height=\"32\" src=\"https:\/\/theme.tamnguyen.vn\/taphoa\/wp-content\/uploads\/2022\/05\/map-pin.png\" class=\"attachment-medium size-medium\" alt=\"\" \/>\t\t\t\t\t<\/div>\n\t\t\t\t<\/div>\n\t\t\t<\/div>\n\t\t\t\t<div class=\"icon-box-text last-reset\">\n\t\t\t\t\t\t\t\t\t\n<h3>11. B\u00e1c T\u00f4m 22 Kim M\u00e3 <\/h3>\n<p><span style=\"font-size: 90%; color: #808080;\"> 22 Kim M\u00e3, qu\u1eadn Ba \u0110\u00ecnh, H\u00e0 N\u1ed9i<\/span><\/p>\n\t\t<\/div>\n\t<\/div>\n\t\n\t\n\n\t\t<div class=\"icon-box featured-box icon-box-left text-left\"  >\n\t\t\t\t\t<div class=\"icon-box-img\" style=\"width: 40px\">\n\t\t\t\t<div class=\"icon\">\n\t\t\t\t\t<div class=\"icon-inner\" >\n\t\t\t\t\t\t<img loading=\"lazy\" decoding=\"async\" width=\"32\" height=\"32\" src=\"https:\/\/theme.tamnguyen.vn\/taphoa\/wp-content\/uploads\/2022\/05\/map-pin.png\" class=\"attachment-medium size-medium\" alt=\"\" \/>\t\t\t\t\t<\/div>\n\t\t\t\t<\/div>\n\t\t\t<\/div>\n\t\t\t\t<div class=\"icon-box-text last-reset\">\n\t\t\t\t\t\t\t\t\t\n<h3>12. B\u00e1c T\u00f4m 111 L\u00e1ng H\u1ea1<\/h3>\n<p><span style=\"font-size: 90%; color: #808080;\"> 111 L\u00e1ng H\u1ea1, qu\u1eadn \u0110\u1ed1ng \u0110a, H\u00e0 N\u1ed9i <\/span><\/p>\n\t\t<\/div>\n\t<\/div>\n\t\n\t\n\n\t\t<div class=\"icon-box featured-box icon-box-left text-left\"  >\n\t\t\t\t\t<div class=\"icon-box-img\" style=\"width: 40px\">\n\t\t\t\t<div class=\"icon\">\n\t\t\t\t\t<div class=\"icon-inner\" >\n\t\t\t\t\t\t<img loading=\"lazy\" decoding=\"async\" width=\"32\" height=\"32\" src=\"https:\/\/theme.tamnguyen.vn\/taphoa\/wp-content\/uploads\/2022\/05\/map-pin.png\" class=\"attachment-medium size-medium\" alt=\"\" \/>\t\t\t\t\t<\/div>\n\t\t\t\t<\/div>\n\t\t\t<\/div>\n\t\t\t\t<div class=\"icon-box-text last-reset\">\n\t\t\t\t\t\t\t\t\t\n<h3>13. B\u00e1c T\u00f4m 11 Ho\u00e0ng V\u0103n Th\u00e1i <\/h3>\n<p><span style=\"font-size: 90%; color: #808080;\">11 Ho\u00e0ng V\u0103n Th\u00e1i, qu\u1eadn Thanh Xu\u00e2n, H\u00e0 N\u1ed9i.<\/span><\/p>\n\t\t<\/div>\n\t<\/div>\n\t\n\t\n\t\t<\/div>\n\t\t\t\t\t<\/div>\n\n\t\n<\/div>\n","protected":false},"excerpt":{"rendered":"","protected":false},"author":1,"featured_media":0,"parent":0,"menu_order":0,"comment_status":"closed","ping_status":"closed","template":"page-blank.php","meta":{"footnotes":""},"class_list":["post-65","page","type-page","status-publish","hentry"],"yoast_head":"<!-- This site is optimized with the Yoast SEO plugin v18.9 - https:\/\/yoast.com\/wordpress\/plugins\/seo\/ -->\n<title>H\u1ec7 th\u1ed1ng c\u1eeda h\u00e0ng - M\u1eabu web t\u1ea1p h\u00f3a<\/title>\n<meta name=\"robots\" content=\"index, follow, max-snippet:-1, max-image-preview:large, max-video-preview:-1\" \/>\n<link rel=\"canonical\" href=\"https:\/\/theme.tamnguyen.vn\/taphoa\/he-thong-cua-hang\/\" \/>\n<meta property=\"og:locale\" content=\"vi_VN\" \/>\n<meta property=\"og:type\" content=\"article\" \/>\n<meta property=\"og:title\" content=\"H\u1ec7 th\u1ed1ng c\u1eeda h\u00e0ng - M\u1eabu web t\u1ea1p h\u00f3a\" \/>\n<meta property=\"og:url\" content=\"https:\/\/theme.tamnguyen.vn\/taphoa\/he-thong-cua-hang\/\" \/>\n<meta property=\"og:site_name\" content=\"M\u1eabu web t\u1ea1p h\u00f3a\" \/>\n<meta property=\"article:modified_time\" content=\"2022-05-22T18:01:59+00:00\" \/>\n<meta name=\"twitter:card\" content=\"summary_large_image\" \/>\n<meta name=\"twitter:label1\" content=\"\u01af\u1edbc t\u00ednh th\u1eddi gian \u0111\u1ecdc\" \/>\n\t<meta name=\"twitter:data1\" content=\"2 ph\u00fat\" \/>\n<script type=\"application\/ld+json\" class=\"yoast-schema-graph\">{\"@context\":\"https:\/\/schema.org\",\"@graph\":[{\"@type\":\"WebSite\",\"@id\":\"https:\/\/theme.tamnguyen.vn\/taphoa\/#website\",\"url\":\"https:\/\/theme.tamnguyen.vn\/taphoa\/\",\"name\":\"M\u1eabu web t\u1ea1p h\u00f3a\",\"description\":\"D\u1ecbch v\u1ee5 thi\u1ebft k\u1ebf website chuy\u00ean nghi\u1ec7p - uy t\u00edn\",\"potentialAction\":[{\"@type\":\"SearchAction\",\"target\":{\"@type\":\"EntryPoint\",\"urlTemplate\":\"https:\/\/theme.tamnguyen.vn\/taphoa\/?s={search_term_string}\"},\"query-input\":\"required name=search_term_string\"}],\"inLanguage\":\"vi\"},{\"@type\":\"WebPage\",\"@id\":\"https:\/\/theme.tamnguyen.vn\/taphoa\/he-thong-cua-hang\/#webpage\",\"url\":\"https:\/\/theme.tamnguyen.vn\/taphoa\/he-thong-cua-hang\/\",\"name\":\"H\u1ec7 th\u1ed1ng c\u1eeda h\u00e0ng - M\u1eabu web t\u1ea1p h\u00f3a\",\"isPartOf\":{\"@id\":\"https:\/\/theme.tamnguyen.vn\/taphoa\/#website\"},\"datePublished\":\"2022-05-22T11:57:12+00:00\",\"dateModified\":\"2022-05-22T18:01:59+00:00\",\"breadcrumb\":{\"@id\":\"https:\/\/theme.tamnguyen.vn\/taphoa\/he-thong-cua-hang\/#breadcrumb\"},\"inLanguage\":\"vi\",\"potentialAction\":[{\"@type\":\"ReadAction\",\"target\":[\"https:\/\/theme.tamnguyen.vn\/taphoa\/he-thong-cua-hang\/\"]}]},{\"@type\":\"BreadcrumbList\",\"@id\":\"https:\/\/theme.tamnguyen.vn\/taphoa\/he-thong-cua-hang\/#breadcrumb\",\"itemListElement\":[{\"@type\":\"ListItem\",\"position\":1,\"name\":\"Trang ch\u1ee7\",\"item\":\"https:\/\/theme.tamnguyen.vn\/taphoa\/\"},{\"@type\":\"ListItem\",\"position\":2,\"name\":\"H\u1ec7 th\u1ed1ng c\u1eeda h\u00e0ng\"}]}]}<\/script>\n<!-- \/ Yoast SEO plugin. -->","yoast_head_json":{"title":"H\u1ec7 th\u1ed1ng c\u1eeda h\u00e0ng - M\u1eabu web t\u1ea1p h\u00f3a","robots":{"index":"index","follow":"follow","max-snippet":"max-snippet:-1","max-image-preview":"max-image-preview:large","max-video-preview":"max-video-preview:-1"},"canonical":"https:\/\/theme.tamnguyen.vn\/taphoa\/he-thong-cua-hang\/","og_locale":"vi_VN","og_type":"article","og_title":"H\u1ec7 th\u1ed1ng c\u1eeda h\u00e0ng - M\u1eabu web t\u1ea1p h\u00f3a","og_url":"https:\/\/theme.tamnguyen.vn\/taphoa\/he-thong-cua-hang\/","og_site_name":"M\u1eabu web t\u1ea1p h\u00f3a","article_modified_time":"2022-05-22T18:01:59+00:00","twitter_card":"summary_large_image","twitter_misc":{"\u01af\u1edbc t\u00ednh th\u1eddi gian \u0111\u1ecdc":"2 ph\u00fat"},"schema":{"@context":"https:\/\/schema.org","@graph":[{"@type":"WebSite","@id":"https:\/\/theme.tamnguyen.vn\/taphoa\/#website","url":"https:\/\/theme.tamnguyen.vn\/taphoa\/","name":"M\u1eabu web t\u1ea1p h\u00f3a","description":"D\u1ecbch v\u1ee5 thi\u1ebft k\u1ebf website chuy\u00ean nghi\u1ec7p - uy t\u00edn","potentialAction":[{"@type":"SearchAction","target":{"@type":"EntryPoint","urlTemplate":"https:\/\/theme.tamnguyen.vn\/taphoa\/?s={search_term_string}"},"query-input":"required name=search_term_string"}],"inLanguage":"vi"},{"@type":"WebPage","@id":"https:\/\/theme.tamnguyen.vn\/taphoa\/he-thong-cua-hang\/#webpage","url":"https:\/\/theme.tamnguyen.vn\/taphoa\/he-thong-cua-hang\/","name":"H\u1ec7 th\u1ed1ng c\u1eeda h\u00e0ng - M\u1eabu web t\u1ea1p h\u00f3a","isPartOf":{"@id":"https:\/\/theme.tamnguyen.vn\/taphoa\/#website"},"datePublished":"2022-05-22T11:57:12+00:00","dateModified":"2022-05-22T18:01:59+00:00","breadcrumb":{"@id":"https:\/\/theme.tamnguyen.vn\/taphoa\/he-thong-cua-hang\/#breadcrumb"},"inLanguage":"vi","potentialAction":[{"@type":"ReadAction","target":["https:\/\/theme.tamnguyen.vn\/taphoa\/he-thong-cua-hang\/"]}]},{"@type":"BreadcrumbList","@id":"https:\/\/theme.tamnguyen.vn\/taphoa\/he-thong-cua-hang\/#breadcrumb","itemListElement":[{"@type":"ListItem","position":1,"name":"Trang ch\u1ee7","item":"https:\/\/theme.tamnguyen.vn\/taphoa\/"},{"@type":"ListItem","position":2,"name":"H\u1ec7 th\u1ed1ng c\u1eeda h\u00e0ng"}]}]}},"_links":{"self":[{"href":"https:\/\/theme.tamnguyen.vn\/taphoa\/wp-json\/wp\/v2\/pages\/65","targetHints":{"allow":["GET"]}}],"collection":[{"href":"https:\/\/theme.tamnguyen.vn\/taphoa\/wp-json\/wp\/v2\/pages"}],"about":[{"href":"https:\/\/theme.tamnguyen.vn\/taphoa\/wp-json\/wp\/v2\/types\/page"}],"author":[{"embeddable":true,"href":"https:\/\/theme.tamnguyen.vn\/taphoa\/wp-json\/wp\/v2\/users\/1"}],"replies":[{"embeddable":true,"href":"https:\/\/theme.tamnguyen.vn\/taphoa\/wp-json\/wp\/v2\/comments?post=65"}],"version-history":[{"count":24,"href":"https:\/\/theme.tamnguyen.vn\/taphoa\/wp-json\/wp\/v2\/pages\/65\/revisions"}],"predecessor-version":[{"id":1112,"href":"https:\/\/theme.tamnguyen.vn\/taphoa\/wp-json\/wp\/v2\/pages\/65\/revisions\/1112"}],"wp:attachment":[{"href":"https:\/\/theme.tamnguyen.vn\/taphoa\/wp-json\/wp\/v2\/media?parent=65"}],"curies":[{"name":"wp","href":"https:\/\/api.w.org\/{rel}","templated":true}]}}