{"id":154,"date":"2022-10-03T23:06:04","date_gmt":"2022-10-03T16:06:04","guid":{"rendered":"https:\/\/sonnuoc.themevivu.net\/?post_type=product&#038;p=154"},"modified":"2022-10-03T23:06:04","modified_gmt":"2022-10-03T16:06:04","slug":"vitec-pu-cn262-son-chong-nong-chong-tham-phan-xa-nhiet","status":"publish","type":"product","link":"https:\/\/theme.tamnguyen.vn\/sonnuoc\/product\/vitec-pu-cn262-son-chong-nong-chong-tham-phan-xa-nhiet\/","title":{"rendered":"VITEC PU-CN262-S\u01a1n ch\u1ed1ng n\u00f3ng, ch\u1ed1ng th\u1ea5m, ph\u1ea3n x\u1ea1 nhi\u1ec7t"},"content":{"rendered":"<p><strong>VITEC PU-CN262<\/strong>\u00a0l\u00e0 s\u01a1n Polyurethane bi\u1ebfn t\u00ednh g\u1ed1c n\u01b0\u1edbc, m\u1ed9t th\u00e0nh ph\u1ea7n, l\u00e0m l\u1edbp m\u00e0ng b\u00e1m d\u00ednh t\u1ed1t l\u00ean b\u1ec1 m\u1eb7t n\u1ec1n. S\u00e0n ph\u1ea9m \u0111\u01b0\u1ee3c s\u1ea3n xu\u1ea5t theo c\u00f4ng ngh\u1ec7 \u0111\u1eb7c bi\u1ec7t, c\u00f3 kh\u1ea3 n\u0103ng ch\u1ed1ng n\u00f3ng, ch\u1ed1ng th\u1ea5m, c\u00e1ch nhi\u1ec7t v\u00e0 ph\u1ea3n x\u1ea1 nhi\u1ec7t tuy\u1ec7t h\u1ea3o.<\/p>\n","protected":false},"excerpt":{"rendered":"<p><strong>VITEC PU-CN262<\/strong>\u00a0l\u00e0 s\u01a1n Polyurethane bi\u1ebfn t\u00ednh g\u1ed1c n\u01b0\u1edbc, m\u1ed9t th\u00e0nh ph\u1ea7n, l\u00e0m l\u1edbp m\u00e0ng b\u00e1m d\u00ednh t\u1ed1t l\u00ean b\u1ec1 m\u1eb7t n\u1ec1n. S\u00e0n ph\u1ea9m \u0111\u01b0\u1ee3c s\u1ea3n xu\u1ea5t theo c\u00f4ng ngh\u1ec7 \u0111\u1eb7c bi\u1ec7t, c\u00f3 kh\u1ea3 n\u0103ng ch\u1ed1ng n\u00f3ng, ch\u1ed1ng th\u1ea5m, c\u00e1ch nhi\u1ec7t v\u00e0 ph\u1ea3n x\u1ea1 nhi\u1ec7t tuy\u1ec7t h\u1ea3o.<\/p>\n","protected":false},"featured_media":155,"comment_status":"open","ping_status":"closed","template":"","meta":[],"product_cat":[15],"product_tag":[],"class_list":["post-154","product","type-product","status-publish","has-post-thumbnail","hentry","product_cat-chong-tham-san-mai-wc-ban-cong"],"_links":{"self":[{"href":"https:\/\/theme.tamnguyen.vn\/sonnuoc\/wp-json\/wp\/v2\/product\/154","targetHints":{"allow":["GET"]}}],"collection":[{"href":"https:\/\/theme.tamnguyen.vn\/sonnuoc\/wp-json\/wp\/v2\/product"}],"about":[{"href":"https:\/\/theme.tamnguyen.vn\/sonnuoc\/wp-json\/wp\/v2\/types\/product"}],"replies":[{"embeddable":true,"href":"https:\/\/theme.tamnguyen.vn\/sonnuoc\/wp-json\/wp\/v2\/comments?post=154"}],"wp:featuredmedia":[{"embeddable":true,"href":"https:\/\/theme.tamnguyen.vn\/sonnuoc\/wp-json\/wp\/v2\/media\/155"}],"wp:attachment":[{"href":"https:\/\/theme.tamnguyen.vn\/sonnuoc\/wp-json\/wp\/v2\/media?parent=154"}],"wp:term":[{"taxonomy":"product_cat","embeddable":true,"href":"https:\/\/theme.tamnguyen.vn\/sonnuoc\/wp-json\/wp\/v2\/product_cat?post=154"},{"taxonomy":"product_tag","embeddable":true,"href":"https:\/\/theme.tamnguyen.vn\/sonnuoc\/wp-json\/wp\/v2\/product_tag?post=154"}],"curies":[{"name":"wp","href":"https:\/\/api.w.org\/{rel}","templated":true}]}}