{"id":813,"date":"2020-11-03T21:58:06","date_gmt":"2020-11-03T14:58:06","guid":{"rendered":"http:\/\/noithat27.maugiaodien.com\/?page_id=813"},"modified":"2020-11-03T22:23:11","modified_gmt":"2020-11-03T15:23:11","slug":"dong-do-go-noi-that-theo-yeu-cau","status":"publish","type":"page","link":"https:\/\/theme.tamnguyen.vn\/noithat27\/dong-do-go-noi-that-theo-yeu-cau","title":{"rendered":"\u0110\u00f3ng \u0111\u1ed3 g\u1ed7 n\u1ed9i th\u1ea5t theo y\u00eau c\u1ea7u"},"content":{"rendered":"<h1 style=\"text-align: center;\">\u0110\u00d3NG \u0110\u1ed2 G\u1ed6 N\u1ed8I TH\u1ea4T THEO Y\u00caU C\u1ea6U<\/h1>\n<p>\u0110\u00f3ng \u0111\u1ed3 g\u1ed7 n\u1ed9i th\u1ea5t theo y\u00eau c\u1ea7u, n\u1ed9i th\u1ea5t gia \u0111\u00ecnh, chung c\u01b0, nh\u00e0 ph\u1ed1, n\u1ed9i th\u1ea5t v\u0103n ph\u00f2ng. \u0110\u00f3ng t\u1ee7 b\u1ebfp, n\u1ed9i th\u1ea5t ph\u00f2ng kh\u00e1ch, n\u1ed9i th\u1ea5t ph\u00f2ng ng\u1ee7, b\u00e0n gh\u1ebf n\u1ed9i th\u1ea5t v\u0103n ph\u00f2ng, k\u1ec7 g\u1ed7 v\u0103n ph\u00f2ng,\u2026 X\u01b0\u1edfng s\u1ea3n xu\u1ea5t n\u1ed9i th\u1ea5t tr\u1ef1c ti\u1ebfp, \u0111\u1ed9i ng\u0169 th\u1ee3 nhi\u1ec1u kinh nghi\u1ec7m, tin r\u1eb1ng s\u1ebd mang \u0111\u1ebfn d\u1ecbch v\u1ee5 t\u1ed1t nh\u1ea5t \u0111\u1ebfn v\u1edbi qu\u00fd kh\u00e1ch h\u00e0ng.<\/p>\n<h2 style=\"text-align: center;\">S\u1ea3n xu\u1ea5t \u0111\u1ed3 g\u1ed7 n\u1ed9i th\u1ea5t ph\u00f2ng kh\u00e1ch: K\u1ec7 tivi, b\u00e0n sofa, t\u1ee7 gi\u00e0y,\u2026<\/h2>\n<p><img decoding=\"async\" class=\"aligncenter\" src=\"http:\/\/noithat27.maugiaodien.com\/wp-content\/uploads\/2020\/11\/dong-do-go-noi-that-theo-yeu-cau-o-quang-binh-813.jpg\" alt=\"ph\u00f2ng kh\u00e1ch nh\u00e0 \u1ed1ng, nh\u00e0 ph\u1ed1 \u0111\u1eb9p\" \/><\/p>\n<p><img decoding=\"async\" class=\"aligncenter\" src=\"http:\/\/noithat27.maugiaodien.com\/wp-content\/uploads\/2020\/11\/dong-do-go-noi-that-theo-yeu-cau-o-quang-binh-813-1.jpg\" alt=\"ph\u00f2ng kh\u00e1ch nh\u00e0 \u1ed1ng, nh\u00e0 ph\u1ed1 \u0111\u1eb9p\" \/><\/p>\n<p><img decoding=\"async\" class=\"aligncenter\" src=\"http:\/\/noithat27.maugiaodien.com\/wp-content\/uploads\/2020\/11\/dong-do-go-noi-that-theo-yeu-cau-o-quang-binh-813-2.jpg\" alt=\"thi\u1ebft k\u1ebf thi c\u00f4ng n\u1ed9i th\u1ea5t chung c\u01b0 tr\u1ecdn g\u00f3i tphcm\" \/><\/p>\n<h2 style=\"text-align: center;\">S\u1ea3n xu\u1ea5t gh\u1ebf sofa ph\u00f2ng kh\u00e1ch: sofa b\u0103ng, sofa g\u00f3c, sofa n\u1ec7m n\u1ec9, sofa simili,\u2026<\/h2>\n<p><img decoding=\"async\" class=\"aligncenter\" src=\"http:\/\/noithat27.maugiaodien.com\/wp-content\/uploads\/2020\/11\/dong-do-go-noi-that-theo-yeu-cau-o-quang-binh-813-3.jpg\" alt=\"sofa g\u00f3c ch\u1eef L \u0111\u1eb9p gi\u00e1 r\u1ebb tphcm\" \/><\/p>\n<p><img decoding=\"async\" class=\"aligncenter\" src=\"http:\/\/noithat27.maugiaodien.com\/wp-content\/uploads\/2020\/11\/dong-do-go-noi-that-theo-yeu-cau-o-quang-binh-813-4.jpg\" alt=\"sofa g\u00f3c ch\u1eef L \u0111\u1eb9p gi\u00e1 r\u1ebb tphcm\" \/><\/p>\n<p><img decoding=\"async\" class=\"aligncenter\" src=\"http:\/\/noithat27.maugiaodien.com\/wp-content\/uploads\/2020\/11\/dong-do-go-noi-that-theo-yeu-cau-o-quang-binh-813-5.jpg\" alt=\"sofa g\u00f3c ch\u1eef L \u0111\u1eb9p gi\u00e1 r\u1ebb tphcm\" \/><\/p>\n<h2 style=\"text-align: center;\">S\u1ea3n xu\u1ea5t \u0111\u1ed3 g\u1ed7 n\u1ed9i th\u1ea5t ph\u00f2ng ng\u1ee7: Gi\u01b0\u1eddng ng\u1ee7, t\u1ee7 \u00e1o, b\u00e0n trang \u0111i\u1ec3m,\u2026<\/h2>\n<p><img decoding=\"async\" class=\"aligncenter\" src=\"http:\/\/noithat27.maugiaodien.com\/wp-content\/uploads\/2020\/11\/dong-do-go-noi-that-theo-yeu-cau-o-quang-binh-813-6.jpg\" alt=\"b\u1ed9 ph\u00f2ng ng\u1ee7 chung c\u01b0 \u0111\u1eb9p gi\u00e1 r\u1ebb tphcm\" \/><\/p>\n<p><img decoding=\"async\" class=\"aligncenter\" src=\"http:\/\/noithat27.maugiaodien.com\/wp-content\/uploads\/2020\/11\/dong-do-go-noi-that-theo-yeu-cau-o-quang-binh-813-7.jpg\" alt=\"b\u1ed9 ph\u00f2ng ng\u1ee7 chung c\u01b0 ki\u1ec3u nh\u1eadt \u0111\u1eb9p gi\u00e1 r\u1ebb tphcm\" \/><\/p>\n<p><img decoding=\"async\" class=\"aligncenter\" src=\"http:\/\/noithat27.maugiaodien.com\/wp-content\/uploads\/2020\/11\/dong-do-go-noi-that-theo-yeu-cau-o-quang-binh-813-8.jpg\" alt=\"tr\u1ecdn b\u1ed9 ph\u00f2ng ng\u1ee7 chung c\u01b0 \u0111\u1eb9p gi\u00e1 r\u1ebb tphcm\" \/><\/p>\n<p><img decoding=\"async\" class=\"aligncenter\" src=\"http:\/\/noithat27.maugiaodien.com\/wp-content\/uploads\/2020\/11\/dong-do-go-noi-that-theo-yeu-cau-o-quang-binh-813-9.jpg\" alt=\"b\u1ed9 n\u1ed9i th\u1ea5t ph\u00f2ng ng\u1ee7 g\u1ed7 c\u00f4ng nghi\u1ec7p hi\u1ec7n \u0111\u1ea1i \u0111\u1eb9p gi\u00e1 r\u1ebb cho chung c\u01b0, nh\u00e0 \u1ed1ng \u1edf tphcm\" \/><\/p>\n<h2 style=\"text-align: center;\">S\u1ea3n xu\u1ea5t t\u1ee7 b\u1ebfp g\u1ed7 c\u00f4ng nghi\u1ec7p ch\u1ed1ng \u1ea9m ch\u1ed1ng tr\u1ea7y<\/h2>\n<p><img decoding=\"async\" class=\"aligncenter\" src=\"http:\/\/noithat27.maugiaodien.com\/wp-content\/uploads\/2020\/11\/dong-do-go-noi-that-theo-yeu-cau-o-quang-binh-813-10.jpg\" alt=\"\u0111\u00f3ng t\u1ee7 b\u1ebfp \u0111\u1eb9p gi\u00e1 r\u1ebb tphcm, t\u1ee7 b\u1ebfp g\u1ed7 c\u00f4ng nghi\u1ec7p hi\u1ec7n \u0111\u1ea1i\" \/><\/p>\n<p><img decoding=\"async\" class=\"aligncenter\" src=\"http:\/\/noithat27.maugiaodien.com\/wp-content\/uploads\/2020\/11\/dong-do-go-noi-that-theo-yeu-cau-o-quang-binh-813-11.jpg\" alt=\"\u0111\u00f3ng t\u1ee7 b\u1ebfp \u0111\u1eb9p gi\u00e1 r\u1ebb tphcm\" \/><\/p>\n<p><img decoding=\"async\" class=\"aligncenter\" src=\"http:\/\/noithat27.maugiaodien.com\/wp-content\/uploads\/2020\/11\/dong-do-go-noi-that-theo-yeu-cau-o-quang-binh-813-12.jpg\" alt=\"\u0111\u00f3ng t\u1ee7 b\u1ebfp \u0111\u1eb9p gi\u00e1 r\u1ebb tphcm\" \/><\/p>\n<h2 style=\"text-align: center;\">S\u1ea3n xu\u1ea5t \u0111\u1ed3 g\u1ed7 n\u1ed9i th\u1ea5t v\u0103n ph\u00f2ng: Qu\u1ea7y ti\u1ebfp t\u00e2n, b\u00e0n l\u00e0m vi\u1ec7c, b\u00e0n h\u1ecdp, t\u1ee7 h\u1ed3 s\u01a1,\u2026<\/h2>\n<p><img decoding=\"async\" class=\"aligncenter\" src=\"http:\/\/noithat27.maugiaodien.com\/wp-content\/uploads\/2020\/11\/dong-do-go-noi-that-theo-yeu-cau-o-quang-binh-813-13.jpg\" alt=\"n\u1ed9i th\u1ea5t v\u0103n ph\u00f2ng gi\u00e1 r\u1ebb tphcm b\u00ecnh d\u01b0\u01a1ng\" \/><\/p>\n<p><img decoding=\"async\" class=\"aligncenter\" src=\"http:\/\/noithat27.maugiaodien.com\/wp-content\/uploads\/2020\/11\/dong-do-go-noi-that-theo-yeu-cau-o-quang-binh-813-14.jpg\" alt=\"n\u1ed9i th\u1ea5t v\u0103n ph\u00f2ng gi\u00e1 r\u1ebb tphcm b\u00ecnh d\u01b0\u01a1ng\" \/><\/p>\n<p><img decoding=\"async\" class=\"aligncenter\" src=\"http:\/\/noithat27.maugiaodien.com\/wp-content\/uploads\/2020\/11\/dong-do-go-noi-that-theo-yeu-cau-o-quang-binh-813-15.jpg\" alt=\"\u0111\u00f3ng qu\u1ea7y ti\u1ebfp t\u00e2n \u0111\u1eb9p gi\u00e1 r\u1ebb tphcm\" \/><\/p>\n<p>Kh\u00e1ch h\u00e0ng c\u1ea7n t\u01b0 v\u1ea5n \u0111\u00f3ng \u0111\u1ed3 g\u1ed7 n\u1ed9i th\u1ea5t theo y\u00eau c\u1ea7u, vui l\u00f2ng li\u00ean h\u1ec7 <strong>Showroom N\u1ed9i Th\u1ea5t<\/strong> ch\u00fang t\u00f4i \u0111\u1ec3 \u0111\u01b0\u1ee3c t\u01b0 v\u1ea5n mi\u1ec5n ph\u00ed.<\/p>\n<blockquote><p><strong>Showroom N\u1ed9i Th\u1ea5t<\/strong><br \/>\n<strong>C\u1eeda h\u00e0ng:<\/strong> xxx H\u00f9ng V\u01b0\u01a1ng &#8211; Ho\u00e0n L\u00e3o &#8211; B\u1ed1 Tr\u1ea1ch &#8211; Qu\u1ea3ng B\u00ecnh<br \/>\n<strong>Hotline:<\/strong> 0942757xxx &#8211; 0985668xxx &#8211; 0975704xxx<br \/>\n<strong>Zalo:<\/strong> 0942757xxx<br \/>\n<strong>C\u01a1 s\u1edf 1:<\/strong> xx L\u00ea H\u1ed3ng Phong &#8211; Ho\u00e0n L\u00e3o &#8211; B\u1ed1 Tr\u1ea1ch &#8211; Qu\u1ea3ng B\u00ecnh<br \/>\n<strong>C\u01a1 s\u1edf 2:<\/strong> xxx H\u00f9ng V\u01b0\u01a1ng &#8211; Ho\u00e0n L\u00e3o &#8211; B\u1ed1 Tr\u1ea1ch &#8211; Qu\u1ea3ng B\u00ecnh<br \/>\n<strong>C\u01a1 s\u1edf 3:<\/strong> xx Nguy\u1ec5n Th\u1ecb Minh Khai &#8211; Ho\u00e0n L\u00e3o &#8211; B\u1ed1 Tr\u1ea1ch &#8211; Qu\u1ea3ng B\u00ecnh<\/p><\/blockquote>\n","protected":false},"excerpt":{"rendered":"<p>\u0110\u00d3NG \u0110\u1ed2 G\u1ed6 N\u1ed8I TH\u1ea4T THEO Y\u00caU C\u1ea6U \u0110\u00f3ng \u0111\u1ed3 g\u1ed7 n\u1ed9i th\u1ea5t theo y\u00eau c\u1ea7u, n\u1ed9i th\u1ea5t gia \u0111\u00ecnh, chung c\u01b0, nh\u00e0 ph\u1ed1, n\u1ed9i th\u1ea5t v\u0103n ph\u00f2ng. \u0110\u00f3ng t\u1ee7 b\u1ebfp, n\u1ed9i th\u1ea5t ph\u00f2ng kh\u00e1ch, n\u1ed9i th\u1ea5t ph\u00f2ng ng\u1ee7, b\u00e0n gh\u1ebf n\u1ed9i th\u1ea5t v\u0103n ph\u00f2ng, k\u1ec7 g\u1ed7 v\u0103n ph\u00f2ng,\u2026 X\u01b0\u1edfng s\u1ea3n xu\u1ea5t n\u1ed9i th\u1ea5t tr\u1ef1c..<\/p>\n","protected":false},"author":1,"featured_media":832,"parent":0,"menu_order":0,"comment_status":"open","ping_status":"closed","template":"page-right-sidebar.php","meta":{"footnotes":""},"class_list":["post-813","page","type-page","status-publish","has-post-thumbnail","hentry"],"yoast_head":"<!-- This site is optimized with the Yoast SEO plugin v15.2.1 - https:\/\/yoast.com\/wordpress\/plugins\/seo\/ -->\n<title>\u0110\u00f3ng \u0111\u1ed3 g\u1ed7 n\u1ed9i th\u1ea5t theo y\u00eau c\u1ea7u - Showroom N\u1ed9i Th\u1ea5t<\/title>\n<meta name=\"robots\" content=\"noindex, follow, max-snippet:-1, max-image-preview:large, max-video-preview:-1\" \/>\n<meta property=\"og:locale\" content=\"vi_VN\" \/>\n<meta property=\"og:type\" content=\"article\" \/>\n<meta property=\"og:title\" content=\"\u0110\u00f3ng \u0111\u1ed3 g\u1ed7 n\u1ed9i th\u1ea5t theo y\u00eau c\u1ea7u - Showroom N\u1ed9i Th\u1ea5t\" \/>\n<meta property=\"og:description\" content=\"\u0110\u00d3NG \u0110\u1ed2 G\u1ed6 N\u1ed8I TH\u1ea4T THEO Y\u00caU C\u1ea6U \u0110\u00f3ng \u0111\u1ed3 g\u1ed7 n\u1ed9i th\u1ea5t theo y\u00eau c\u1ea7u, n\u1ed9i th\u1ea5t gia \u0111\u00ecnh, chung c\u01b0, nh\u00e0 ph\u1ed1, n\u1ed9i th\u1ea5t v\u0103n ph\u00f2ng. \u0110\u00f3ng t\u1ee7 b\u1ebfp, n\u1ed9i th\u1ea5t ph\u00f2ng kh\u00e1ch, n\u1ed9i th\u1ea5t ph\u00f2ng ng\u1ee7, b\u00e0n gh\u1ebf n\u1ed9i th\u1ea5t v\u0103n ph\u00f2ng, k\u1ec7 g\u1ed7 v\u0103n ph\u00f2ng,\u2026 X\u01b0\u1edfng s\u1ea3n xu\u1ea5t n\u1ed9i th\u1ea5t tr\u1ef1c..\" \/>\n<meta property=\"og:url\" content=\"https:\/\/theme.tamnguyen.vn\/noithat27\/dong-do-go-noi-that-theo-yeu-cau\" \/>\n<meta property=\"og:site_name\" content=\"Showroom N\u1ed9i Th\u1ea5t\" \/>\n<meta property=\"article:modified_time\" content=\"2020-11-03T15:23:11+00:00\" \/>\n<meta property=\"og:image\" content=\"https:\/\/theme.tamnguyen.vn\/noithat27\/wp-content\/uploads\/2020\/11\/thi-cong-noi-that-quang-binh-chuyen-nghiep-gia-re-681-2.jpg\" \/>\n\t<meta property=\"og:image:width\" content=\"800\" \/>\n\t<meta property=\"og:image:height\" content=\"600\" \/>\n<meta name=\"twitter:card\" content=\"summary_large_image\" \/>\n<meta name=\"twitter:label1\" content=\"Written by\">\n\t<meta name=\"twitter:data1\" content=\"admin\">\n\t<meta name=\"twitter:label2\" content=\"Est. reading time\">\n\t<meta name=\"twitter:data2\" content=\"2 ph\u00fat\">\n<script type=\"application\/ld+json\" class=\"yoast-schema-graph\">{\"@context\":\"https:\/\/schema.org\",\"@graph\":[{\"@type\":\"Organization\",\"@id\":\"https:\/\/theme.tamnguyen.vn\/noithat27\/#organization\",\"name\":\"Showroom N\\u1ed9i Th\\u1ea5t\",\"url\":\"https:\/\/theme.tamnguyen.vn\/noithat27\/\",\"sameAs\":[],\"logo\":{\"@type\":\"ImageObject\",\"@id\":\"https:\/\/theme.tamnguyen.vn\/noithat27\/#logo\",\"inLanguage\":\"vi\",\"url\":\"https:\/\/theme.tamnguyen.vn\/noithat27\/wp-content\/uploads\/2020\/10\/logo-noithat-chung-hoa.png\",\"width\":400,\"height\":97,\"caption\":\"Showroom N\\u1ed9i Th\\u1ea5t\"},\"image\":{\"@id\":\"https:\/\/theme.tamnguyen.vn\/noithat27\/#logo\"}},{\"@type\":\"WebSite\",\"@id\":\"https:\/\/theme.tamnguyen.vn\/noithat27\/#website\",\"url\":\"https:\/\/theme.tamnguyen.vn\/noithat27\/\",\"name\":\"Showroom N\\u1ed9i Th\\u1ea5t\",\"description\":\"\",\"publisher\":{\"@id\":\"https:\/\/theme.tamnguyen.vn\/noithat27\/#organization\"},\"potentialAction\":[{\"@type\":\"SearchAction\",\"target\":\"https:\/\/theme.tamnguyen.vn\/noithat27\/?s={search_term_string}\",\"query-input\":\"required name=search_term_string\"}],\"inLanguage\":\"vi\"},{\"@type\":\"ImageObject\",\"@id\":\"https:\/\/theme.tamnguyen.vn\/noithat27\/dong-do-go-noi-that-theo-yeu-cau#primaryimage\",\"inLanguage\":\"vi\",\"url\":\"https:\/\/theme.tamnguyen.vn\/noithat27\/wp-content\/uploads\/2020\/11\/thi-cong-noi-that-quang-binh-chuyen-nghiep-gia-re-681-2.jpg\",\"width\":800,\"height\":600,\"caption\":\"Thi Cong Noi That Quang Binh Chuyen Nghiep Gia Re 681 2\"},{\"@type\":\"WebPage\",\"@id\":\"https:\/\/theme.tamnguyen.vn\/noithat27\/dong-do-go-noi-that-theo-yeu-cau#webpage\",\"url\":\"https:\/\/theme.tamnguyen.vn\/noithat27\/dong-do-go-noi-that-theo-yeu-cau\",\"name\":\"\\u0110\\u00f3ng \\u0111\\u1ed3 g\\u1ed7 n\\u1ed9i th\\u1ea5t theo y\\u00eau c\\u1ea7u - Showroom N\\u1ed9i Th\\u1ea5t\",\"isPartOf\":{\"@id\":\"https:\/\/theme.tamnguyen.vn\/noithat27\/#website\"},\"primaryImageOfPage\":{\"@id\":\"https:\/\/theme.tamnguyen.vn\/noithat27\/dong-do-go-noi-that-theo-yeu-cau#primaryimage\"},\"datePublished\":\"2020-11-03T14:58:06+00:00\",\"dateModified\":\"2020-11-03T15:23:11+00:00\",\"breadcrumb\":{\"@id\":\"https:\/\/theme.tamnguyen.vn\/noithat27\/dong-do-go-noi-that-theo-yeu-cau#breadcrumb\"},\"inLanguage\":\"vi\",\"potentialAction\":[{\"@type\":\"ReadAction\",\"target\":[\"https:\/\/theme.tamnguyen.vn\/noithat27\/dong-do-go-noi-that-theo-yeu-cau\"]}]},{\"@type\":\"BreadcrumbList\",\"@id\":\"https:\/\/theme.tamnguyen.vn\/noithat27\/dong-do-go-noi-that-theo-yeu-cau#breadcrumb\",\"itemListElement\":[{\"@type\":\"ListItem\",\"position\":1,\"item\":{\"@type\":\"WebPage\",\"@id\":\"https:\/\/theme.tamnguyen.vn\/noithat27\/\",\"url\":\"https:\/\/theme.tamnguyen.vn\/noithat27\/\",\"name\":\"Trang ch\\u1ee7\"}},{\"@type\":\"ListItem\",\"position\":2,\"item\":{\"@type\":\"WebPage\",\"@id\":\"https:\/\/theme.tamnguyen.vn\/noithat27\/dong-do-go-noi-that-theo-yeu-cau\",\"url\":\"https:\/\/theme.tamnguyen.vn\/noithat27\/dong-do-go-noi-that-theo-yeu-cau\",\"name\":\"\\u0110\\u00f3ng \\u0111\\u1ed3 g\\u1ed7 n\\u1ed9i th\\u1ea5t theo y\\u00eau c\\u1ea7u\"}}]}]}<\/script>\n<!-- \/ Yoast SEO plugin. -->","_links":{"self":[{"href":"https:\/\/theme.tamnguyen.vn\/noithat27\/wp-json\/wp\/v2\/pages\/813","targetHints":{"allow":["GET"]}}],"collection":[{"href":"https:\/\/theme.tamnguyen.vn\/noithat27\/wp-json\/wp\/v2\/pages"}],"about":[{"href":"https:\/\/theme.tamnguyen.vn\/noithat27\/wp-json\/wp\/v2\/types\/page"}],"author":[{"embeddable":true,"href":"https:\/\/theme.tamnguyen.vn\/noithat27\/wp-json\/wp\/v2\/users\/1"}],"replies":[{"embeddable":true,"href":"https:\/\/theme.tamnguyen.vn\/noithat27\/wp-json\/wp\/v2\/comments?post=813"}],"version-history":[{"count":3,"href":"https:\/\/theme.tamnguyen.vn\/noithat27\/wp-json\/wp\/v2\/pages\/813\/revisions"}],"predecessor-version":[{"id":843,"href":"https:\/\/theme.tamnguyen.vn\/noithat27\/wp-json\/wp\/v2\/pages\/813\/revisions\/843"}],"wp:featuredmedia":[{"embeddable":true,"href":"https:\/\/theme.tamnguyen.vn\/noithat27\/wp-json\/wp\/v2\/media\/832"}],"wp:attachment":[{"href":"https:\/\/theme.tamnguyen.vn\/noithat27\/wp-json\/wp\/v2\/media?parent=813"}],"curies":[{"name":"wp","href":"https:\/\/api.w.org\/{rel}","templated":true}]}}