{"id":886,"date":"2020-09-15T16:57:30","date_gmt":"2020-09-15T16:57:30","guid":{"rendered":"http:\/\/noithat5.muathemedep.vn\/?post_type=product&amp;p=886"},"modified":"2020-09-15T16:57:30","modified_gmt":"2020-09-15T16:57:30","slug":"ban-ghe-van-phong-loai-1","status":"publish","type":"product","link":"https:\/\/theme.tamnguyen.vn\/noithat22\/san-pham\/ban-ghe-van-phong-loai-1\/","title":{"rendered":"B\u00e0n gh\u1ebf v\u0103n ph\u00f2ng lo\u1ea1i 1"},"content":{"rendered":"<h2>1. Th\u00f4ng tin m\u00e2\u0303u ba\u0300n gh\u00ea\u0301 g\u00f4\u0303 CF78 \u0111e\u0323p cu\u00f4\u0301n hu\u0301t v\u01a1\u0301i s\u0103\u0301c ma\u0300u s\u00f4\u0301ng \u0111\u00f4\u0323ng:<\/h2>\n<p>Gi\u01b0\u0303a v\u00f4 va\u0300n l\u01b0\u0323a cho\u0323n cho qua\u0301n cafe, khu nghi\u0309 d\u01b0\u01a1\u0303ng. Gi\u01b0\u0303a v\u00f4 va\u0300n \u0111\u00f4\u0301i thu\u0309 \u0111a\u0301ng g\u01a1\u0300m \u0111e\u0323p sang tro\u0323ng, \u0111\u0103\u0309ng c\u00e2\u0301p.\u00a0<a href=\"http:\/\/noithatmocstyle.com\/san-pham\/ban-ghe-go-cf78\/\"><strong>M\u00e2\u0303u ba\u0300n gh\u00ea\u0301 g\u00f4\u0303 CF78<\/strong><\/a>\u00a0nh\u01b0 m\u00f4\u0323t ne\u0301t ch\u00e2\u0301m pha\u0301 \u0111\u00e2\u0300y tinh nghi\u0323ch, ta\u0301o ba\u0323o va\u0300 r\u01b0\u0323c r\u01a1\u0303. Khi\u00ea\u0301n t\u00e2\u0301t ca\u0309 nh\u01b0\u0303ng vi\u0323 kha\u0301ch \u0111a\u0301ng m\u00ea\u0301n cu\u0309a chu\u0301ng ta pha\u0309i thi\u0301ch thu\u0301 ngay t\u01b0\u0300 ca\u0301i nhi\u0300n \u0111\u00e2\u0300u ti\u00ean. \u0110e\u0323p t\u01b0\u0300 s\u01b0\u0323 m\u00f4\u0323c ma\u0323c, cu\u00f4\u0301n hu\u0301t t\u01b0\u0300 ma\u0300u s\u0103\u0301c t\u01b0\u01a1i sa\u0301ng, \u0111em la\u0323i s\u01b0\u0323 ha\u0300i lo\u0300ng nh\u01a1\u0300 thi\u00ea\u0301t k\u00ea\u0301 chu\u00e2\u0309n mang t\u1edbi ca\u0309m gia\u0301c thoa\u0309i ma\u0301i t\u00f4\u0301i \u01b0u.<\/p>\n<h4>+ K\u00edch th\u01b0\u1edbc:<\/h4>\n<ul>\n<li>B\u00e0n D50xR50xC60cm<\/li>\n<li>Gh\u1ebf D60xR50xC35(+50)cm. Chi\u1ec1u cao t\u1eeb m\u1eb7t \u0111\u1ea5t l\u00ean gh\u1ebf ch\u1ec9 35 cm n\u00ean r\u1ea5t \u00a0an to\u00e0n cho tr\u1ebb em ng\u1ed3i. Ph\u1ea7n l\u01b0ng t\u1ef1a cao 50cm c\u00f9ng 2 b\u00ean tay v\u1ecbn \u0111\u01b0\u1ee3c l\u00e0m c\u1ea7u k\u1ef3 ch\u1eafc ch\u1eafn.<\/li>\n<\/ul>\n<p>V\u1edbi b\u1ed9\u00a0<strong>b\u00e0n gh\u1ebf g\u1ed7 CF78<\/strong>\u00a0b\u1ea1n ho\u00e0n to\u00e0n c\u00f3 th\u1ec3 d\u00f9ng cho \u0111\u1ea1i tr\u00e0 c\u00e1c t\u1ea7ng l\u1edbp quan kh\u00e1ch v\u00e0 l\u1ee9a tu\u1ed5i s\u1eed d\u1ee5ng.<\/p>\n<figure id=\"attachment_1096\" class=\"wp-caption aligncenter\" aria-describedby=\"caption-attachment-1096\"><figcaption id=\"caption-attachment-1096\" class=\"wp-caption-text\">B\u00f4\u0323 ba\u0300n gh\u00ea\u0301 g\u00f4\u0303 CF78 \u0111e\u0323p v\u01a1\u0301i gia\u0301 re\u0309 nh\u00e2\u0301t ta\u0323i N\u00f4\u0323i th\u00e2\u0301t M\u00f4\u0323c Style<\/figcaption><\/figure>\n<h4>+ M\u00e0u s\u1eafc:<\/h4>\n<ul>\n<li>CF78 mang nh\u1eefng d\u1ea3i m\u00e0u s\u1eafc s\u1ed1ng \u0111\u1ed9ng phong ph\u00fa nh\u01b0: \u0111\u1ecf, v\u00e0ng, cam, xanh l\u00e1, xanh da tr\u1eddi\u2026Kh\u00f4ng ph\u1ea3i l\u00e0 7 s\u1eafc c\u1ea7u v\u1ed3ng,nh\u01b0ng ch\u1ec9 b\u1ea5y nhi\u00eau c\u0169ng \u0111\u1ee7 l\u00e0m b\u1eebng s\u00e1ng l\u00ean 1 g\u00f3c tr\u1eddi c\u1ee7a b\u1ea1n.<\/li>\n<\/ul>\n<p>C\u1ea7u k\u00ec trong m\u1ed7i d\u00f2ng s\u1ea3n ph\u1ea9m v\u00e0 v\u1edbi b\u1ed9\u00a0<strong>b\u00e0n gh\u1ebf g\u1ed7 CF78<\/strong>\u00a0c\u0169ng v\u1eady.\u00a0<strong><em>N\u1ed9i th\u1ea5t m\u1ed9c Style<\/em><\/strong>\u00a0ch\u00fa tr\u1ecdng ch\u1ea5t l\u01b0\u1ee3ng g\u1ed7 v\u00e0 l\u1edbp s\u01a1n b\u1ea3o v\u1ec7 b\u00ean ngo\u00e0i. V\u1eady n\u00ean b\u1ed9 b\u00e0n gh\u1ebf g\u1ed7 CF78 \u0111\u01b0\u1ee3c s\u01a1n k\u1ef9 v\u00e0 c\u1ea9n th\u1eadn h\u01a1n v\u1edbi lo\u1ea1i s\u01a1n t\u1ed1t nh\u1ea5t.Gi\u00fap cho b\u1ed9 s\u1ea3n ph\u1ea9m b\u1ec1n m\u00e0u, s\u00e1ng s\u1ea1ch d\u00f9 \u0111\u1ec3 ngo\u00e0i tr\u1eddi m\u01b0a n\u1eafng.<\/p>\n","protected":false},"excerpt":{"rendered":"<ol>\n<li>M\u00e3 s\u1ea3n ph\u1ea9m: CF78<\/li>\n<li>K\u00edch th\u01b0\u1edbc:\u00a0B\u00e0n D50xR50xC60cm;Gh\u1ebf D60xR50xC35(+50)cm<\/li>\n<li>Ch\u1ea5t li\u1ec7u: 100% g\u1ed7 t\u1ef1 nhi\u00ean \u0111\u00e3 qua t\u1ea9m s\u1ea5y, b\u00e0o ch\u00e0 nh\u1eb5n m\u1ecbn v\u00e0 d\u00f9ng s\u01a1n c\u1ea9n th\u1eadn lo\u1ea1i t\u1ed1t nh\u1ea5t \u0111\u1ea3m b\u1ea3o b\u1ec1n m\u00e0u b\u1ea5t ch\u1ea5p th\u1eddi ti\u1ebft.<\/li>\n<\/ol>\n","protected":false},"featured_media":907,"comment_status":"open","ping_status":"closed","template":"","meta":[],"product_cat":[39],"product_tag":[],"class_list":["post-886","product","type-product","status-publish","has-post-thumbnail","hentry","product_cat-sofa"],"yoast_head":"<!-- This site is optimized with the Yoast SEO plugin v19.6.1 - https:\/\/yoast.com\/wordpress\/plugins\/seo\/ -->\n<title>B\u00e0n gh\u1ebf v\u0103n ph\u00f2ng lo\u1ea1i 1 - M\u1eabu website n\u1ed9i th\u1ea5t chuy\u00ean nghi\u1ec7p<\/title>\n<meta name=\"robots\" content=\"noindex, follow, max-snippet:-1, max-image-preview:large, max-video-preview:-1\" \/>\n<meta property=\"og:locale\" content=\"vi_VN\" \/>\n<meta property=\"og:type\" content=\"article\" \/>\n<meta property=\"og:title\" content=\"B\u00e0n gh\u1ebf v\u0103n ph\u00f2ng lo\u1ea1i 1 - M\u1eabu website n\u1ed9i th\u1ea5t chuy\u00ean nghi\u1ec7p\" \/>\n<meta property=\"og:description\" content=\"M\u00e3 s\u1ea3n ph\u1ea9m: CF78  K\u00edch th\u01b0\u1edbc:\u00a0B\u00e0n D50xR50xC60cm;Gh\u1ebf D60xR50xC35(+50)cm  Ch\u1ea5t li\u1ec7u: 100% g\u1ed7 t\u1ef1 nhi\u00ean \u0111\u00e3 qua t\u1ea9m s\u1ea5y, b\u00e0o ch\u00e0 nh\u1eb5n m\u1ecbn v\u00e0 d\u00f9ng s\u01a1n c\u1ea9n th\u1eadn lo\u1ea1i t\u1ed1t nh\u1ea5t \u0111\u1ea3m b\u1ea3o b\u1ec1n m\u00e0u b\u1ea5t ch\u1ea5p th\u1eddi ti\u1ebft.\" \/>\n<meta property=\"og:url\" content=\"https:\/\/theme.tamnguyen.vn\/noithat22\/san-pham\/ban-ghe-van-phong-loai-1\/\" \/>\n<meta property=\"og:site_name\" content=\"M\u1eabu website n\u1ed9i th\u1ea5t chuy\u00ean nghi\u1ec7p\" \/>\n<meta property=\"og:image\" content=\"https:\/\/theme.tamnguyen.vn\/noithat22\/wp-content\/uploads\/2020\/09\/sp5.jpg\" \/>\n\t<meta property=\"og:image:width\" content=\"300\" \/>\n\t<meta property=\"og:image:height\" content=\"300\" \/>\n\t<meta property=\"og:image:type\" content=\"image\/jpeg\" \/>\n<meta name=\"twitter:card\" content=\"summary_large_image\" \/>\n<meta name=\"twitter:label1\" content=\"\u01af\u1edbc t\u00ednh th\u1eddi gian \u0111\u1ecdc\" \/>\n\t<meta name=\"twitter:data1\" content=\"2 ph\u00fat\" \/>\n<script type=\"application\/ld+json\" class=\"yoast-schema-graph\">{\"@context\":\"https:\/\/schema.org\",\"@graph\":[{\"@type\":\"WebPage\",\"@id\":\"https:\/\/theme.tamnguyen.vn\/noithat22\/san-pham\/ban-ghe-van-phong-loai-1\/\",\"url\":\"https:\/\/theme.tamnguyen.vn\/noithat22\/san-pham\/ban-ghe-van-phong-loai-1\/\",\"name\":\"B\u00e0n gh\u1ebf v\u0103n ph\u00f2ng lo\u1ea1i 1 - M\u1eabu website n\u1ed9i th\u1ea5t chuy\u00ean nghi\u1ec7p\",\"isPartOf\":{\"@id\":\"https:\/\/theme.tamnguyen.vn\/noithat22\/#website\"},\"datePublished\":\"2020-09-15T16:57:30+00:00\",\"dateModified\":\"2020-09-15T16:57:30+00:00\",\"breadcrumb\":{\"@id\":\"https:\/\/theme.tamnguyen.vn\/noithat22\/san-pham\/ban-ghe-van-phong-loai-1\/#breadcrumb\"},\"inLanguage\":\"vi\",\"potentialAction\":[{\"@type\":\"ReadAction\",\"target\":[\"https:\/\/theme.tamnguyen.vn\/noithat22\/san-pham\/ban-ghe-van-phong-loai-1\/\"]}]},{\"@type\":\"BreadcrumbList\",\"@id\":\"https:\/\/theme.tamnguyen.vn\/noithat22\/san-pham\/ban-ghe-van-phong-loai-1\/#breadcrumb\",\"itemListElement\":[{\"@type\":\"ListItem\",\"position\":1,\"name\":\"Trang ch\u1ee7\",\"item\":\"https:\/\/theme.tamnguyen.vn\/noithat22\/\"},{\"@type\":\"ListItem\",\"position\":2,\"name\":\"C\u1eeda h\u00e0ng\",\"item\":\"https:\/\/theme.tamnguyen.vn\/noithat22\/cua-hang\/\"},{\"@type\":\"ListItem\",\"position\":3,\"name\":\"B\u00e0n gh\u1ebf v\u0103n ph\u00f2ng lo\u1ea1i 1\"}]},{\"@type\":\"WebSite\",\"@id\":\"https:\/\/theme.tamnguyen.vn\/noithat22\/#website\",\"url\":\"https:\/\/theme.tamnguyen.vn\/noithat22\/\",\"name\":\"M\u1eabu website n\u1ed9i th\u1ea5t chuy\u00ean nghi\u1ec7p\",\"description\":\"\",\"potentialAction\":[{\"@type\":\"SearchAction\",\"target\":{\"@type\":\"EntryPoint\",\"urlTemplate\":\"https:\/\/theme.tamnguyen.vn\/noithat22\/?s={search_term_string}\"},\"query-input\":\"required name=search_term_string\"}],\"inLanguage\":\"vi\"}]}<\/script>\n<!-- \/ Yoast SEO plugin. -->","yoast_head_json":{"title":"B\u00e0n gh\u1ebf v\u0103n ph\u00f2ng lo\u1ea1i 1 - M\u1eabu website n\u1ed9i th\u1ea5t chuy\u00ean nghi\u1ec7p","robots":{"index":"noindex","follow":"follow","max-snippet":"max-snippet:-1","max-image-preview":"max-image-preview:large","max-video-preview":"max-video-preview:-1"},"og_locale":"vi_VN","og_type":"article","og_title":"B\u00e0n gh\u1ebf v\u0103n ph\u00f2ng lo\u1ea1i 1 - M\u1eabu website n\u1ed9i th\u1ea5t chuy\u00ean nghi\u1ec7p","og_description":"M\u00e3 s\u1ea3n ph\u1ea9m: CF78  K\u00edch th\u01b0\u1edbc:\u00a0B\u00e0n D50xR50xC60cm;Gh\u1ebf D60xR50xC35(+50)cm  Ch\u1ea5t li\u1ec7u: 100% g\u1ed7 t\u1ef1 nhi\u00ean \u0111\u00e3 qua t\u1ea9m s\u1ea5y, b\u00e0o ch\u00e0 nh\u1eb5n m\u1ecbn v\u00e0 d\u00f9ng s\u01a1n c\u1ea9n th\u1eadn lo\u1ea1i t\u1ed1t nh\u1ea5t \u0111\u1ea3m b\u1ea3o b\u1ec1n m\u00e0u b\u1ea5t ch\u1ea5p th\u1eddi ti\u1ebft.","og_url":"https:\/\/theme.tamnguyen.vn\/noithat22\/san-pham\/ban-ghe-van-phong-loai-1\/","og_site_name":"M\u1eabu website n\u1ed9i th\u1ea5t chuy\u00ean nghi\u1ec7p","og_image":[{"width":300,"height":300,"url":"https:\/\/theme.tamnguyen.vn\/noithat22\/wp-content\/uploads\/2020\/09\/sp5.jpg","type":"image\/jpeg"}],"twitter_card":"summary_large_image","twitter_misc":{"\u01af\u1edbc t\u00ednh th\u1eddi gian \u0111\u1ecdc":"2 ph\u00fat"},"schema":{"@context":"https:\/\/schema.org","@graph":[{"@type":"WebPage","@id":"https:\/\/theme.tamnguyen.vn\/noithat22\/san-pham\/ban-ghe-van-phong-loai-1\/","url":"https:\/\/theme.tamnguyen.vn\/noithat22\/san-pham\/ban-ghe-van-phong-loai-1\/","name":"B\u00e0n gh\u1ebf v\u0103n ph\u00f2ng lo\u1ea1i 1 - M\u1eabu website n\u1ed9i th\u1ea5t chuy\u00ean nghi\u1ec7p","isPartOf":{"@id":"https:\/\/theme.tamnguyen.vn\/noithat22\/#website"},"datePublished":"2020-09-15T16:57:30+00:00","dateModified":"2020-09-15T16:57:30+00:00","breadcrumb":{"@id":"https:\/\/theme.tamnguyen.vn\/noithat22\/san-pham\/ban-ghe-van-phong-loai-1\/#breadcrumb"},"inLanguage":"vi","potentialAction":[{"@type":"ReadAction","target":["https:\/\/theme.tamnguyen.vn\/noithat22\/san-pham\/ban-ghe-van-phong-loai-1\/"]}]},{"@type":"BreadcrumbList","@id":"https:\/\/theme.tamnguyen.vn\/noithat22\/san-pham\/ban-ghe-van-phong-loai-1\/#breadcrumb","itemListElement":[{"@type":"ListItem","position":1,"name":"Trang ch\u1ee7","item":"https:\/\/theme.tamnguyen.vn\/noithat22\/"},{"@type":"ListItem","position":2,"name":"C\u1eeda h\u00e0ng","item":"https:\/\/theme.tamnguyen.vn\/noithat22\/cua-hang\/"},{"@type":"ListItem","position":3,"name":"B\u00e0n gh\u1ebf v\u0103n ph\u00f2ng lo\u1ea1i 1"}]},{"@type":"WebSite","@id":"https:\/\/theme.tamnguyen.vn\/noithat22\/#website","url":"https:\/\/theme.tamnguyen.vn\/noithat22\/","name":"M\u1eabu website n\u1ed9i th\u1ea5t chuy\u00ean nghi\u1ec7p","description":"","potentialAction":[{"@type":"SearchAction","target":{"@type":"EntryPoint","urlTemplate":"https:\/\/theme.tamnguyen.vn\/noithat22\/?s={search_term_string}"},"query-input":"required name=search_term_string"}],"inLanguage":"vi"}]}},"_links":{"self":[{"href":"https:\/\/theme.tamnguyen.vn\/noithat22\/wp-json\/wp\/v2\/product\/886","targetHints":{"allow":["GET"]}}],"collection":[{"href":"https:\/\/theme.tamnguyen.vn\/noithat22\/wp-json\/wp\/v2\/product"}],"about":[{"href":"https:\/\/theme.tamnguyen.vn\/noithat22\/wp-json\/wp\/v2\/types\/product"}],"replies":[{"embeddable":true,"href":"https:\/\/theme.tamnguyen.vn\/noithat22\/wp-json\/wp\/v2\/comments?post=886"}],"wp:featuredmedia":[{"embeddable":true,"href":"https:\/\/theme.tamnguyen.vn\/noithat22\/wp-json\/wp\/v2\/media\/907"}],"wp:attachment":[{"href":"https:\/\/theme.tamnguyen.vn\/noithat22\/wp-json\/wp\/v2\/media?parent=886"}],"wp:term":[{"taxonomy":"product_cat","embeddable":true,"href":"https:\/\/theme.tamnguyen.vn\/noithat22\/wp-json\/wp\/v2\/product_cat?post=886"},{"taxonomy":"product_tag","embeddable":true,"href":"https:\/\/theme.tamnguyen.vn\/noithat22\/wp-json\/wp\/v2\/product_tag?post=886"}],"curies":[{"name":"wp","href":"https:\/\/api.w.org\/{rel}","templated":true}]}}