{"id":2294,"date":"2020-12-11T15:05:16","date_gmt":"2020-12-11T08:05:16","guid":{"rendered":"http:\/\/tgdd.local\/?post_type=product&#038;p=2294"},"modified":"2020-12-11T15:18:43","modified_gmt":"2020-12-11T08:18:43","slug":"samsung-galaxy-tab-a7-2020","status":"publish","type":"product","link":"https:\/\/theme.tamnguyen.vn\/dienmayxanh2\/san-pham\/samsung-galaxy-tab-a7-2020\/","title":{"rendered":"Samsung Galaxy Tab A7 (2020)"},"content":{"rendered":"<div>\u0110\u1eb7c \u0111i\u1ec3m n\u1ed5i b\u1eadt c\u1ee7a Samsung Galaxy Tab A7 (2020)<\/div>\n<div>\u00a0<\/div>\n<div>B\u1ed9 s\u1ea3n ph\u1ea9m chu\u1ea9n: Adapter, S\u00e1ch h\u01b0\u1edbng d\u1eabn, C\u00e2y l\u1ea5y sim, H\u1ed9p m\u00e1y, C\u00e1p Type-C<\/div>\n<div>\u00a0<\/div>\n<div>Samsung Galaxy Tab A7 (2020) l\u00e0 m\u1ed9t chi\u1ebfc m\u00e1y t\u00ednh b\u1ea3ng c\u00f3 thi\u1ebft k\u1ebf \u0111\u1eb9p, c\u1ea5u h\u00ecnh kh\u00e1, nhi\u1ec1u t\u00ednh n\u0103ng ti\u1ec7n \u00edch, m\u1ed9t c\u00f4ng c\u1ee5 \u0111\u1eafc l\u1ef1c h\u1ed7 tr\u1ee3 b\u1ea1n trong c\u00f4ng vi\u1ec7c c\u0169ng nh\u01b0 trong h\u1ecdc t\u1eadp hay gi\u1ea3i tr\u00ed.<\/div>\n<div>M\u00e0n h\u00ecnh l\u1edbn cho tr\u1ea3i nghi\u1ec7m b\u1ea5t t\u1eadn<\/div>\n<div>Chi\u1ebfc Galaxy Tab A7 mang kh\u00e1 nhi\u1ec1u n\u00e9t k\u1ebf th\u1eeba t\u1eeb ng\u01b0\u1eddi \u0111\u00e0n anh \u1edf ph\u00e2n kh\u00fac cao c\u1ea5p l\u00e0 Galaxy Tab S7 v\u1eeba ra m\u1eaft kh\u00f4ng l\u00e2u, s\u1edf h\u1eefu thi\u1ebft k\u1ebf nguy\u00ean kh\u1ed1i c\u1ee9ng c\u00e1p li\u1ec1n m\u1ea1ch, \u0111\u01b0\u1ee3c ho\u00e0n thi\u1ec7n t\u1eeb nh\u00f4m \u0111i k\u00e8m khung vi\u1ec1n kim lo\u1ea1i sang tr\u1ecdng, \u1ea5n t\u01b0\u1ee3ng.<\/div>\n<div>\u00a0<\/div>\n<div>Thi\u1ebft k\u1ebf nguy\u00ean kh\u1ed1i li\u1ec1n m\u1ea1ch, c\u1ee9ng c\u00e1p | Galaxy Tab A7<\/div>\n<div>\u00a0<\/div>\n<div>H\u01a1n n\u1eefa, tr\u1ecdng l\u01b0\u1ee3ng m\u00e1y c\u0169ng t\u01b0\u01a1ng \u0111\u1ed1i nh\u1eb9 v\u00e0 \u0111\u1ed9 m\u1ecfng ch\u1ec9 7 mm n\u00ean nh\u00ecn b\u1eb1ng m\u1eaft th\u01b0\u1eddng c\u0169ng c\u00f3 th\u1ec3 th\u1ea5y ngo\u1ea1i h\u00ecnh g\u1ecdn nh\u1eb9 c\u1ee7a n\u00f3, r\u1ea5t tho\u1ea3i m\u00e1i \u0111\u1ec3 b\u1ea1n c\u1ea7m n\u1eafm tay hay cho v\u00e0o t\u00fai x\u00e1ch.<\/div>\n<div>\u00a0<\/div>\n<div>C\u1ea7m n\u1eafm d\u1ec5 d\u00e0ng, thu\u1eadn ti\u1ec7n | Galaxy Tab A7<\/div>\n<div>\u00a0<\/div>\n<div>Ph\u00eda tr\u01b0\u1edbc m\u00e1y t\u00ednh b\u1ea3ng Galaxy Tab A7 (2020) l\u00e0 m\u00e0n h\u00ecnh gi\u1ea3i tr\u00ed k\u00edch th\u01b0\u1edbc l\u1edbn 10.4 inch, \u0111\u1ed9 ph\u00e2n gi\u1ea3i (1200 x 2000 Pixels) hi\u1ec3n th\u1ecb h\u00ecnh \u1ea3nh n\u1ecbnh m\u1eaft, c\u00f3 \u0111\u1ed9 s\u1eafc n\u00e9t cao, m\u00e0u s\u1eafc t\u00e1i t\u1ea1o r\u1ef1c r\u1ee1, \u0111\u1ed9 chi ti\u1ebft v\u00e0 \u0111\u1ed9 s\u1eafc t\u01b0\u01a1ng ph\u1ea3n \u0111\u1ea1t chu\u1ea9n.\u00a0<\/div>\n<div>\u00a0<\/div>\n<div>S\u1eed d\u1ee5ng t\u1ea5m n\u1ec1n TFT LCD, chi\u1ebfc tablet cho \u0111\u1ed9 s\u00e1ng m\u00e0n h\u00ecnh \u0111\u1ea1t kh\u00e1 cao v\u00e0 ch\u1ea5t l\u01b0\u1ee3ng h\u00ecnh \u1ea3nh v\u1eabn v\u00f4 c\u00f9ng ch\u00e2n th\u1ef1c, \u0111\u1eb7c bi\u1ec7t t\u1ed1t v\u1edbi m\u1ecdi g\u00f3c nh\u00ecn, th\u00f4ng tin hi\u1ec3n th\u1ecb v\u1eabn r\u00f5 n\u00e9t m\u00e0 kh\u00f4ng c\u00f3 hi\u1ec7n t\u01b0\u1ee3ng ch\u00f3i, l\u00f3a.<\/div>\n<div>\u00a0<\/div>\n<div>M\u00e0n h\u00ecnh hi\u1ec3n thi r\u00f5 n\u00e9t | Galaxy Tab A7<\/div>\n<div>\u00a0<\/div>\n<div>M\u1ed9t \u0111i\u1ec1u \u0111\u00e1ng ch\u00fa \u00fd tr\u00ean Galaxy Tab A7 (2020) n\u1eefa l\u00e0 m\u00e0n h\u00ecnh n\u00e0y \u0111\u01b0\u1ee3c thi\u1ebft k\u1ebf theo t\u1ef7 l\u1ec7 5:3 kh\u00e1 l\u00fd t\u01b0\u1edfng cho tr\u1ea3i nghi\u1ec7m gi\u1ea3i tr\u00ed c\u0169ng nh\u01b0 thao t\u00e1c s\u1eed d\u1ee5ng h\u1eb1ng ng\u00e0y nh\u01b0 l\u01b0\u1edbt web, check mail, \u0111\u1ecdc s\u00e1ch, xem video,&#8230;<\/div>\n<div>\u00a0<\/div>\n<div>Hi\u1ec7u n\u0103ng t\u1ed1t, \u0111a nhi\u1ec7m m\u01b0\u1ee3t m\u00e0<\/div>\n<div>B\u00ean trong Samsung Galaxy Tab A7 (2020) l\u00e0 b\u1ed9 vi x\u1eed l\u00fd Snapdragon 662 g\u1ed3m 4 l\u00f5i 2.0 GHz v\u00e0 4 l\u1ed7i 1.8 Ghz \u0111\u01b0\u1ee3c s\u1ea3n xu\u1ea5t theo ti\u1ebfn tr\u00ecnh 11 nm mang \u0111\u1ebfn hi\u1ec7u n\u0103ng \u1ed5n \u0111\u1ecbnh, \u0111\u1ea3m b\u1ea3o c\u00e1c t\u00e1c v\u1ee5 lu\u00f4n \u0111\u01b0\u1ee3c x\u1eed l\u00fd m\u1ed9t c\u00e1ch m\u01b0\u1ee3t m\u00e0, hi\u1ebfm khi x\u1ea3y ra hi\u1ec7n t\u01b0\u1ee3ng gi\u1eadt lag.<\/div>\n<div>\u00a0<\/div>\n<div>Chip Snapdragon 662 cho hi\u1ec7u n\u0103ng m\u1ea1nh m\u1ebd | Galaxy Tab S7<\/div>\n<div>\u00a0<\/div>\n<div>B\u00ean c\u1ea1nh \u0111\u00f3 chipset n\u00e0y c\u00f2n \u0111\u01b0\u1ee3c h\u1ed7 tr\u1ee3 b\u1edfi RAM 3 GB \u0111i k\u00e8m v\u1edbi 64 GB dung l\u01b0\u1ee3ng b\u1ed9 nh\u1edb trong, h\u1ed7 tr\u1ee3 th\u1ebb MicroSD v\u1edbi \u0111\u1ed9 l\u1edbn t\u1ed1i \u0111a l\u00ean v\u1edbi 1 TB.<\/div>\n<div>\u00a0<\/div>\n<div>H\u1ed7 tr\u1ee3 m\u1edf r\u1ed9ng dung l\u01b0\u1ee3ng | Galaxy Tab A7<\/div>\n<div>\u00a0<\/div>\n<div>Qua ph\u1ea7n test hi\u1ec7u n\u0103ng tr\u00ean Antutu, Galaxy Tab A7 \u0111\u1ea1t \u0111\u01b0\u1ee3c 172.259 \u0111i\u1ec3m v\u1edbi s\u1ed1 \u0111i\u1ec3m n\u00e0y ho\u00e0n to\u00e0n c\u00f3 th\u1ec3 ch\u01a1i \u1ed5n \u0111\u1ecbnh tr\u00ean c\u00e1c t\u1ef1a game ph\u1ed5 bi\u1ebfn hi\u1ec7n nay nh\u01b0 Li\u00ean Qu\u00e2n Mobile, PUBG Mobile&#8230; \u1edf m\u1ee9c c\u1ea5u h\u00ecnh t\u00f9y ch\u1ec9nh ph\u00f9 h\u1ee3p.<\/div>\n<div>\u00a0<\/div>\n<div>Antutu 172.259 \u0111i\u1ec3m | Samsung Galaxy Tab A7<\/div>\n<div>\u00a0<\/div>\n<div>C\u0169ng gi\u1ed1ng nh\u01b0 c\u00e1c th\u1ebf h\u1ec7 smartphone Samsung 2020, Galaxy Tab A7 \u0111\u01b0\u1ee3c c\u00e0i \u0111\u1eb7t s\u1eb5n h\u1ec7 \u0111i\u1ec1u h\u00e0nh Android 10 t\u00f9y bi\u1ebfn tr\u00ean giao di\u1ec7n OneUI 2.1 m\u1edbi nh\u1ea5t, th\u00e2n thi\u1ec7n d\u1ec5 s\u1eed d\u1ee5ng, gi\u00fap cho tr\u1ea3i nghi\u1ec7m s\u1eed d\u1ee5ng th\u00eam ph\u1ea7n tr\u01a1n tru v\u00e0 th\u00fa v\u1ecb h\u01a1n h\u1eb3n.<\/div>\n<div>\u00a0<\/div>\n<div>Camera cho h\u00ecnh \u1ea3nh s\u1eafc n\u00e9t<\/div>\n<div>Samsung Galaxy Tab A7 (2020) s\u1edf h\u1eefu h\u1ec7 th\u1ed1ng camera ch\u00ednh \u0111\u1ed9 ph\u00e2n gi\u1ea3i 8 MP v\u1eeba \u0111\u1ee7 \u0111\u1ec3 \u0111\u00e1p \u1ee9ng tr\u1ea3i nghi\u1ec7m c\u01a1 b\u1ea3n c\u1ee7a ng\u01b0\u1eddi d\u00f9ng cho ch\u1ea5t l\u01b0\u1ee3ng h\u00ecnh \u1ea3nh \u1ed5n \u0111\u1ecbnh, m\u00e0u s\u1eafc h\u00e0i h\u00f2a.\u00a0<\/div>\n<div>\u00a0<\/div>\n<div>Camera sau 8 MP | Galaxy Tab A7<\/div>\n<div>\u00a0<\/div>\n<div>C\u1ee5m n\u00e0y v\u1eeba \u0111\u1ee7 \u0111\u1ec3 \u0111\u00e1p \u1ee9ng t\u1ed1t c\u00e1c tr\u1ea3i nghi\u1ec7m c\u01a1 b\u1ea3n c\u1ee7a ng\u01b0\u1eddi d\u00f9ng nh\u01b0 ch\u1ee5p \u1ea3nh, quay video trong \u0111i\u1ec1u ki\u1ec7n \u0111\u1ea7y \u0111\u1ee7 \u00e1nh s\u00e1ng.<\/div>\n<div>\u00a0<\/div>\n<div>\u0110\u00e1p \u1ee9ng \u0111\u1ea7y \u0111\u1ee7 c\u00e1c nhu c\u1ea7u ch\u1ee5p \u1ea3nh | Galaxy Tab A7<\/div>\n<div>\u00a0<\/div>\n<div>B\u00ean c\u1ea1nh \u0111\u00f3, camera tr\u01b0\u1edbc c\u1ee7a m\u00e1y c\u00f3 \u0111\u1ed9 ph\u00e2n gi\u1ea3i 5 MP \u0111\u01b0\u1ee3c t\u00edch h\u1ee3p th\u00eam nhi\u1ec1u t\u00ednh n\u0103ng h\u1ea5p d\u1eabn nh\u01b0 l\u00e0m \u0111\u1eb9p t\u1ef1 nhi\u00ean, cho ng\u01b0\u1eddi d\u00f9ng tho\u1ea3i m\u00e1i ch\u1ee5p h\u00ecnh selfie \u0111\u01b0\u1ee3c d\u1ec5 d\u00e0ng, v\u00e0 ch\u1ea5t l\u01b0\u1ee3ng \u0111\u1eb9p nh\u1ea5t.<\/div>\n<div>\u00a0<\/div>\n<div>Ch\u1ebf \u0111\u1ed9 Kids Mode s\u1ebd mang \u0111\u1ebfn cho b\u1ea1n nhi\u1ec1u \u1ee9ng d\u1ee5ng th\u00e2n thi\u1ec7n v\u1edbi tr\u1ebb em, \u0111\u1ec3 b\u00e9 v\u1eeba h\u1ecdc v\u1eeba ch\u01a1i v\u00e0 ph\u00e1t tri\u1ec3n s\u1edf th\u00edch, t\u00e0i n\u0103ng.<\/div>\n<div>\u00a0<\/div>\n<div>B\u1ea1n s\u1ebd kh\u00f4ng c\u1ea7n lo l\u1eafng khi tr\u1ebb s\u1eed d\u1ee5ng m\u00e1y qu\u00e1 nhi\u1ec1u n\u1eefa, v\u00ec \u0111\u00e3 c\u00f3 t\u00ednh n\u0103ng c\u00e0i \u0111\u1eb7t gi\u1edbi h\u1ea1n th\u1eddi gian d\u00e0nh ri\u00eang cho tr\u1ebb em.<\/div>\n<div>\u00a0<\/div>\n<div>Th\u1eddi l\u01b0\u1ee3ng pin l\u1edbn, c\u00f3 h\u1ed7 tr\u1ee3 s\u1ea1c nhanh<\/div>\n<div>Galaxy Tab A7 c\u00f3 vi\u00ean pin l\u00ean \u0111\u1ebfn 7040 mAh cho th\u1eddi gian tr\u1ea3i nghi\u1ec7m t\u01b0\u01a1ng \u0111\u01b0\u01a1ng 2 \u2013 3 ng\u00e0y khi th\u1ef1c thi c\u00e1c t\u00e1c v\u1ee5 c\u01a1 b\u1ea3n.\u00a0<\/div>\n<div>\u00a0<\/div>\n<div>N\u1ea1p \u0111\u1ea7y n\u0103ng l\u01b0\u1ee3ng th\u00f4ng qua c\u1ed5ng s\u1ea1c Type-C | Galaxy Tab A7<\/div>\n<div>\u00a0<\/div>\n<div>V\u1edbi m\u1ee9c pin l\u1edbn nh\u01b0 v\u1eady d\u0129 nhi\u00ean m\u00e1y s\u1ebd \u0111\u01b0\u1ee3c h\u1ed7 tr\u1ee3 s\u1ea1c nhanh qua c\u1ed5ng USB Type C, b\u1ea1n s\u1ebd kh\u00f4ng ph\u1ea3i lo l\u1eafng m\u1ea5t kha kh\u00e1 th\u1eddi gian \u0111\u1ec3 n\u1ea1p \u0111\u1ea7y vi\u00ean pin n\u00e0y.\u00a0<\/div>\n<div>\u00a0<\/div>\n<div>Ngo\u00e0i ra, Galaxy Tab A7 (2020) c\u00f2n s\u1edf h\u1eefu t\u1eadn hai loa \u0111\u1eb7t \u1edf c\u1ea1nh d\u01b0\u1edbi, c\u1eb7p loa n\u00e0y mang \u0111\u1ebfn nh\u1eefng tr\u1ea3i nghi\u1ec7m \u00e2m thanh v\u00f4 c\u00f9ng \u1ea5n t\u01b0\u1ee3ng nh\u1edd v\u00e0o c\u00f4ng ngh\u1ec7 \u00e2m thanh Dolby Atmos, \u0111\u1eb7c bi\u1ec7t \u1edf c\u00e1c tr\u1ea3i nghi\u1ec7m xem phim, ch\u01a1i game, nghe nh\u1ea1c ch\u1ea5t l\u01b0\u1ee3ng cao.<\/div>\n<div>\u00a0<\/div>\n<div>C\u00f3 th\u1ec3 n\u00f3i Galaxy Tab A7 (2020) l\u00e0 m\u1ed9t chi\u1ebfc m\u00e1y t\u00ednh b\u1ea3ng thu\u1ed9c ph\u00e2n kh\u00fac t\u1ea7m trung nh\u1eb1m h\u01b0\u1edbng \u0111\u1ebfn nh\u00f3m ng\u01b0\u1eddi d\u00f9ng ch\u1ec9 c\u00f3 nhu c\u1ea7u v\u1eeba ph\u1ea3i, kh\u00f4ng c\u1ea7n ph\u1ea3i chi m\u1ed9t kho\u1ea3n ti\u1ec1n l\u1edbn \u0111\u1ec3 mua m\u1ed9t thi\u1ebft b\u1ecb v\u01b0\u1ee3t qu\u00e1 nhu c\u1ea7u, nh\u01b0ng v\u1eabn \u0111\u01b0\u1ee3c trang b\u1ecb nhi\u1ec1u t\u00ednh n\u0103ng hi\u1ec7n \u0111\u1ea1i, \u0111\u00e1p \u1ee9ng t\u1ed1t nhu c\u1ea7u s\u1eed d\u1ee5ng c\u1ee7a ng\u01b0\u1eddi d\u00f9ng.<\/div>\n","protected":false},"excerpt":{"rendered":"<p>\u0110\u1eb7c \u0111i\u1ec3m n\u1ed5i b\u1eadt c\u1ee7a Samsung Galaxy Tab A7 (2020) \u00a0 B\u1ed9 s\u1ea3n ph\u1ea9m chu\u1ea9n: Adapter, S\u00e1ch h\u01b0\u1edbng d\u1eabn, C\u00e2y l\u1ea5y sim, H\u1ed9p m\u00e1y, C\u00e1p Type-C \u00a0 Samsung Galaxy Tab A7 (2020) l\u00e0 m\u1ed9t chi\u1ebfc m\u00e1y t\u00ednh b\u1ea3ng c\u00f3 thi\u1ebft k\u1ebf \u0111\u1eb9p, c\u1ea5u h\u00ecnh kh\u00e1, nhi\u1ec1u t\u00ednh n\u0103ng ti\u1ec7n \u00edch, m\u1ed9t c\u00f4ng c\u1ee5 \u0111\u1eafc l\u1ef1c [&#8230;]\n","protected":false},"featured_media":2295,"comment_status":"open","ping_status":"closed","template":"","meta":[],"product_cat":[45,51],"product_tag":[],"class_list":["post-2294","product","type-product","status-publish","has-post-thumbnail","hentry","product_cat-tablet","product_cat-tablet-samsung"],"_links":{"self":[{"href":"https:\/\/theme.tamnguyen.vn\/dienmayxanh2\/wp-json\/wp\/v2\/product\/2294","targetHints":{"allow":["GET"]}}],"collection":[{"href":"https:\/\/theme.tamnguyen.vn\/dienmayxanh2\/wp-json\/wp\/v2\/product"}],"about":[{"href":"https:\/\/theme.tamnguyen.vn\/dienmayxanh2\/wp-json\/wp\/v2\/types\/product"}],"replies":[{"embeddable":true,"href":"https:\/\/theme.tamnguyen.vn\/dienmayxanh2\/wp-json\/wp\/v2\/comments?post=2294"}],"wp:featuredmedia":[{"embeddable":true,"href":"https:\/\/theme.tamnguyen.vn\/dienmayxanh2\/wp-json\/wp\/v2\/media\/2295"}],"wp:attachment":[{"href":"https:\/\/theme.tamnguyen.vn\/dienmayxanh2\/wp-json\/wp\/v2\/media?parent=2294"}],"wp:term":[{"taxonomy":"product_cat","embeddable":true,"href":"https:\/\/theme.tamnguyen.vn\/dienmayxanh2\/wp-json\/wp\/v2\/product_cat?post=2294"},{"taxonomy":"product_tag","embeddable":true,"href":"https:\/\/theme.tamnguyen.vn\/dienmayxanh2\/wp-json\/wp\/v2\/product_tag?post=2294"}],"curies":[{"name":"wp","href":"https:\/\/api.w.org\/{rel}","templated":true}]}}